 highest common divisor of p and l.
45
Let x be 10/(-275) + (-258762)/(-1155). Calculate the highest common factor of x and 2744.
56
Suppose -4*p + 620 = p. Let r be 2/(-13) + 3736/(-52). Let d = -41 - r. What is the greatest common divisor of d and p?
31
Let o be 24/(-42) + (120581/574 - (-6)/(-4)). Calculate the greatest common factor of 676 and o.
52
Let x be (-45)/18*136/(-10). Suppose 0 = 61*v - 32*v - 4437. Calculate the highest common divisor of x and v.
17
Suppose -188140 - 238840 = -74*k. What is the highest common factor of k and 10?
10
Let j be (1*4)/(-12 - -13). Suppose -4*v = j*t - 16, t + 2*v = -0*v + 4. Suppose t*i = -i + 620. Calculate the highest common factor of i and 31.
31
Let g(x) = 18*x**2 - x - 3. Let p be g(3). Suppose 9*w = 55 + 53. Let f(y) = -2*y + 36. Let o be f(w). What is the highest common divisor of o and p?
12
Let f(h) = 2*h**3 - 139*h**2 - 40*h - 276. Let j be f(70). What is the highest common factor of 192 and j?
96
Suppose 0 = 85*b + 24*b - 485486. Calculate the highest common divisor of b and 34.
34
Suppose -4*b + u = -6*b + 21, -u = -2*b + 11. Suppose 61 = b*y - 11. Let g be 18*6/(-8)*-2. What is the greatest common divisor of g and y?
9
Suppose -282*y + 229*y + 2544 = 0. Calculate the highest common divisor of 1236 and y.
12
Suppose 3*u - 5*t = 30, t - 18 = -3*u + 30. Suppose -19*n + u*n = -408. Let y = n + -6. Calculate the greatest common factor of y and 64.
32
Let r(x) = x**3 + 5*x**2 - 15*x - 7. Let n be r(-7). Suppose 21*a - 15*a - 252 = n. What is the highest common factor of 98 and a?
14
Let x(p) = -264*p - 5. Let k be x(-2). Suppose 2*d - k + 75 = 0. Suppose 5*s = 6*s - d. Calculate the greatest common factor of 32 and s.
32
Suppose -2*n + 4 = -2*u, 2*u + 2 = 4*u. Suppose 2*b + 3 = t - 9, n*b + 67 = 5*t. What is the greatest common divisor of 70 and t?
14
Let p(x) be the third derivative of x**5/30 - 41*x**4/24 + 9*x**3/2 + 7*x**2 - 2. Let u be p(21). Calculate the greatest common factor of 144 and u.
48
Let f(j) = 2*j**2 + j - 1. Let c be f(1). Let x = -241 + 243. Suppose -2*y = y + x*h - 17, -c*h + 8 = 2*y. What is the highest common divisor of y and 45?
9
Let o = -1 - 2. Let f be (-2)/6 + (-46)/o. Let m = -1349 + 1359. Calculate the highest common divisor of m and f.
5
Suppose 0 = -572*p + 577*p. Suppose p = 13*f - 20 - 760. Calculate the greatest common divisor of f and 6.
6
Suppose -862*x = -842*x - 30720. What is the highest common factor of x and 72?
24
Let g = -1765 - -2245. Calculate the greatest common divisor of g and 300.
60
Let o be (-1)/11 - 951132/(-429). Suppose -o = -41*c + 1719. What is the greatest common factor of c and 18?
6
Let f(l) = 57*l + 344. Let g be f(3). Calculate the highest common divisor of g and 1339.
103
Suppose 8684 - 174 = 23*k. What is the highest common factor of k and 70?
10
Suppose 4*a = -q + 48, 0 = 4*q + 5*a - 4*a - 147. What is the highest common divisor of q and 268?
4
Let t(m) be the first derivative of -8*m**4 - m**3/3 - m**2 + 8*m - 98. Let j be t(-2). What is the highest common divisor of j and 24?
24
Suppose 4*h - 14*h - 30 = 0. Let o(b) = -57*b - 5. Let y be o(h). Let n = y - 5. Calculate the greatest common divisor of 23 and n.
23
Suppose -3*a = 0, -5*s - 142 + 372 = a. What is the greatest common factor of s and 4025?
23
Let n be (-65)/(-20)*8/(-2). Let l = 24 - n. Let a = l - 35. Calculate the greatest common divisor of 3 and a.
1
Suppose 0 = -5*d - 2*w + 185, 11*d - 131 = 7*d - 5*w. Calculate the greatest common factor of d and 15.
3
Let d(r) = -683*r + 6. Let g be d(-1). Suppose -284*u - 1219 = -307*u. What is the highest common factor of u and g?
53
Let j = 2846 - -2407. Calculate the greatest common divisor of j and 51.
51
Let h(a) = 9*a**2 - 104*a - 1159. Let q be h(-10). Calculate the greatest common divisor of q and 213.
71
Let j = 8494 + -8080. Calculate the greatest common divisor of 15 and j.
3
Let j = -44 + 48. Suppose -12 + 0 = -j*d. Suppose d*k = 18 + 3. Calculate the greatest common divisor of 14 and k.
7
Let c(r) = 56*r**3 - 3*r**2 - 7*r + 8. Let v be c(1). Calculate the highest common factor of v and 1710.
18
Suppose 9*y = -23 + 32. Let h be -1*(y + -1) - -18. Calculate the highest common factor of h and 8.
2
Let q = -3158 + 755. Let i be q/(-135) + (-1)/(-5). Let m be (-358)/(-8) + (-3)/(-12). Calculate the highest common factor of m and i.
9
Suppose -5*x - 2*t - 12 = 0, -5*t = -6*x + 2*x - 3. Let j be (x + 1 + 18*2)*3. Calculate the highest common factor of j and 63.
21
Suppose y - 131 = 5*u, -y - 30*u = -33*u - 133. What is the highest common factor of y and 612?
68
Let v(b) = 28*b**2 + 192*b + 4598. Let k be v(-27). What is the highest common factor of 46 and k?
46
Let b be ((-1)/3)/(1/(-15)) + 28. What is the greatest common factor of b and 176?
11
Let s = 28045 - 6359. Calculate the highest common divisor of s and 14.
14
Suppose -41 = -3*f + 1 + 12. Calculate the highest common factor of f and 48.
6
Suppose 0 = 3*b - 6, 3*b - 4478 = 1269*h - 1273*h. What is the highest common divisor of h and 624?
26
Suppose 3*f + 4*h = 16977 - 4352, -2*f - 3*h = -8415. What is the highest common divisor of 45 and f?
15
Let k be (-934)/16*2 + 16/(-64). Let j = 129 + k. Calculate the greatest common factor of 276 and j.
12
Let b = 229 - -257. Let i = -25422 + 25440. Calculate the greatest common divisor of b and i.
18
Let y(i) = i**3 - 6*i**2 + 8*i + 5. Let j be y(6). Suppose -j = -5*d + 4*d. Let o = -13 + d. What is the greatest common divisor of o and 60?
20
Suppose -s - 11493 = -5*k, 32*k = 37*k - 5*s - 11505. What is the highest common factor of 6 and k?
6
Let y(d) = -10*d + 3. Let s be y(-3). Suppose 0 = -82170*l + 82211*l - 902. What is the greatest common divisor of s and l?
11
Let n = -7051 - -8745. Calculate the highest common factor of 28 and n.
14
Suppose 0 = -3*q + q + 3*r + 10, 2*r + 36 = 4*q. Calculate the highest common divisor of q and 143.
11
Let c(m) = m**3 - 4*m**2 + 2*m + 4. Let l be c(2). Suppose 131 = w - 2*j, 4*w + 3*j = -l*w + 535. What is the greatest common divisor of w and 19?
19
Let v(q) = -q**3 + 44*q**2 - 4*q + 178. Let k be v(44). Calculate the greatest common divisor of 137 and k.
1
Let n(h) = 2*h - 4. Suppose 0 = 4*o + 5*b - 29, 0 = 5*o + 3*b + b - 34. Let s be n(o). Let l = 97 - 81. What is the greatest common divisor of s and l?
8
Let v = -28884 - -28998. What is the greatest common factor of v and 18050?
38
Let f(h) = 4*h + 86. Let t be f(22). Suppose -2*l = 3*i - t, 0 = l + l + i - 166. Calculate the greatest common factor of l and 27.
27
Suppose -2*f = -5*y - 40, 0 = 5*f + 5*y - 2*y - 38. Let l = 0 - f. Let m = 3 - l. Calculate the greatest common factor of 91 and m.
13
Suppose 222624 + 92436 = 30*c. Calculate the greatest common divisor of 178 and c.
178
Suppose s + 1080 = t, -t - 4*s + 856 = -199. Suppose 100*l - t = 95*l. What is the greatest common factor of 43 and l?
43
Let f = 42 - 38. Suppose -f*v - 5*q = -198 + 44, 186 = 5*v + 3*q. Calculate the greatest common factor of v and 12.
12
Suppose -5*d + 10 = -2*d - c, 3*d = -2*c + 25. Suppose d*j - 184 = 96. What is the greatest common divisor of 182 and j?
14
Let g be 6 + (-6)/4 + (-43)/(-86). Let n = 425 + -210. Calculate the greatest common factor of g and n.
5
Let b = 192 + -1068. Let o = 925 + b. Calculate the highest common divisor of o and 1421.
49
Suppose -3*o = s - 37 + 9, 3 = 3*o. Calculate the greatest common divisor of 4225 and s.
25
Let w be -1 + -2 - (6 + -2457)/3. Let a be (-1)/(w/(-198) + (-4)/(-1)). Calculate the highest common divisor of 81 and a.
9
Let a be (8 - 403/52)/(1/236). Calculate the highest common factor of a and 4779.
59
Let d(a) = 150*a - 512. Let u be d(4). Let x = 49 + -27. What is the greatest common factor of u and x?
22
Let o(y) = 51*y**2 - y. Let z be o(1). Suppose 347*d + 378*d - 707*d = 1440. Calculate the greatest common factor of d and z.
10
Let l(m) = -311*m - 3400. Let b be l(-11). Suppose -4*k + 2*n - n = -4, n + 5 = 5*k. Let a be (1 - (k + 3))*-1. What is the greatest common factor of b and a?
3
Suppose -4*x + 6*v = 9*v - 14266, -7*x + 24984 = -4*v. Calculate the greatest common divisor of 16 and x.
16
Let g = -11527 + 11788. Calculate the highest common divisor of g and 216.
9
Suppose 0 = -2*z - x + 5